09
List the prime factors of 1392687164.
2, 11, 1181, 26801
What are the prime factors of 122087519?
23, 5308153
List the prime factors of 25966514.
2, 7, 17, 109103
What are the prime factors of 610930112?
2, 13, 734291
List the prime factors of 22837838.
2, 59, 193541
What are the prime factors of 4691383320?
2, 3, 5, 13, 3007297
What are the prime factors of 57073383?
3, 101, 20929
List the prime factors of 257156849.
19, 13534571
What are the prime factors of 18243101?
18243101
What are the prime factors of 73839482?
2, 36919741
What are the prime factors of 112071201?
3, 11, 43, 78979
List the prime factors of 1842574701.
3, 11, 2833, 19709
What are the prime factors of 64623305?
5, 2341, 5521
What are the prime factors of 1654027347?
3, 7, 78763207
List the prime factors of 201568862.
2, 11, 9162221
List the prime factors of 1407804052.
2, 1627, 216319
List the prime factors of 1296410466.
2, 3, 13, 109, 139, 1097
What are the prime factors of 24384538?
2, 31, 393299
List the prime factors of 8849699.
419, 21121
List the prime factors of 124813584.
2, 3, 7, 19
List the prime factors of 1200257230.
2, 5, 120025723
List the prime factors of 43066147.
47, 179, 5119
What are the prime factors of 43536897?
3, 4837433
List the prime factors of 80108388.
2, 3, 2225233
What are the prime factors of 64135818?
2, 3, 97, 109, 337
List the prime factors of 35570432.
2, 19, 71, 103
List the prime factors of 821145066.
2, 3, 7, 19551073
List the prime factors of 2405160721.
4201, 572521
What are the prime factors of 320345244?
2, 3, 19, 103, 4547
What are the prime factors of 7299932?
2, 587, 3109
What are the prime factors of 1140217028?
2, 359, 794023
List the prime factors of 57238092.
2, 3, 53, 131, 229
List the prime factors of 383941562.
2, 881, 217901
List the prime factors of 78310491.
3, 7, 3729071
List the prime factors of 144131553.
3, 16014617
What are the prime factors of 96435085?
5, 1489, 12953
What are the prime factors of 1065729762?
2, 3, 17, 1301, 2677
List the prime factors of 66547402.
2, 29, 43, 26683
List the prime factors of 2436932378.
2, 43, 28336423
What are the prime factors of 36808479?
3, 1363277
What are the prime factors of 15437443?
7, 19, 41, 149
What are the prime factors of 7471853356?
2, 11, 169814849
List the prime factors of 4046784.
2, 3, 7, 3011
List the prime factors of 503796355.
5, 1613, 62467
List the prime factors of 280226902.
2, 140113451
List the prime factors of 25604911.
23, 1113257
List the prime factors of 25989434.
2, 67, 193951
List the prime factors of 20102046.
2, 3, 23, 29, 5023
List the prime factors of 162114507.
3, 6004241
What are the prime factors of 1945573229?
19, 102398591
List the prime factors of 626401085.
5, 3671, 34127
What are the prime factors of 2185507307?
2185507307
What are the prime factors of 47253123?
3, 487, 10781
What are the prime factors of 85152036?
2, 3, 263, 26981
List the prime factors of 5184759204.
2, 3, 103, 1398263
What are the prime factors of 34150204?
2, 11, 149, 5209
List the prime factors of 2086833084.
2, 3, 7, 24843251
List the prime factors of 14733667.
13, 1133359
List the prime factors of 247116815.
5, 11, 4493033
List the prime factors of 371178922.
2, 23, 8069107
What are the prime factors of 98708578?
2, 53, 931213
What are the prime factors of 1393034485?
5, 17, 16388641
List the prime factors of 349511402.
2, 11831, 14771
What are the prime factors of 370912942?
2, 185456471
List the prime factors of 505604344.
2, 7, 17, 4463
List the prime factors of 2861172230.
2, 5, 7, 79, 10559
What are the prime factors of 25191257?
7, 13, 276827
List the prime factors of 379389700.
2, 5, 499, 7603
List the prime factors of 659940351.
3, 7, 31425731
What are the prime factors of 103906596?
2, 3, 479, 18077
List the prime factors of 3779689111.
11, 343608101
List the prime factors of 3009224112.
2, 3, 62692169
List the prime factors of 1641281241.
3, 419, 1305713
List the prime factors of 2061647692.
2, 13, 2221, 17851
List the prime factors of 22770808.
2, 2846351
List the prime factors of 97816855.
5, 29, 61, 11059
List the prime factors of 164012301.
3, 1093, 16673
What are the prime factors of 91098943?
13, 539047
What are the prime factors of 212095465?
5, 2351, 18043
What are the prime factors of 3170269678?
2, 487, 3254897
List the prime factors of 29649770.
2, 5, 373, 7949
List the prime factors of 195697531.
195697531
What are the prime factors of 54200550?
2, 3, 5, 361337
List the prime factors of 45030088.
2, 359, 15679
What are the prime factors of 1366272582?
2, 3, 37, 6154381
What are the prime factors of 178308712?
2, 22288589
List the prime factors of 2630378379.
3, 876792793
List the prime factors of 434952537.
3, 31, 1637, 2857
What are the prime factors of 352547741?
7, 13, 3874151
What are the prime factors of 390752412?
2, 3, 17, 37, 51769
List the prime factors of 113932115.
5, 11, 2071493
List the prime factors of 592209631.
13, 43, 227, 359
List the prime factors of 1545389756.
2, 386347439
List the prime factors of 128514215.
5, 47, 546869
List the prime factors of 324179420.
2, 5, 16208971
List the prime factors of 834185438.
2, 417092719
What are the prime factors of 327751710?
2, 3, 5, 11, 13, 19, 4021
What are the prime factors of 569560320?
2, 3, 5, 7, 1009
What are the prime factors of 202088526?
2, 3, 2879, 11699
What are the prime factors of 40121182?
2, 20060591
What are the prime factors of 3521498086?
2, 1760749043
List the prime factors of 1726865106.
2, 3, 31, 9661
List the prime factors of 123920074.
2, 29, 2136553
What are the prime factors of 515041804?
2, 128760451
What are the prime factors of 1273208501?
167, 7624003
List the prime factors of 2613733431.
3, 29, 347, 86579
What are the prime factors of 23821014?
2, 3, 7, 59, 9613
List the prime factors of 123080313.
3, 59, 695369
List the prime factors of 206973040.
2, 5, 2587163
List the prime factors of 1619498064.
2, 3, 17, 283, 7013
List the prime factors of 13257875.
5, 17, 367
What are the prime factors of 299509043?
17, 37, 476167
What are the prime factors of 97952453?
17, 5761909
List the prime factors of 19277635.
5, 13, 296579
List the prime factors of 3690724844.
2, 19, 79, 199, 3089
What are the prime factors of 141281429?
37, 61, 62597
List the prime factors of 461573883.
3, 1899481
List the prime factors of 398916269.
71, 5618539
What are the prime factors of 182357810?
2, 5, 17, 31, 34603
List the prime factors of 358186849.
358186849
What are the prime factors of 2684947054?
2, 17, 78969031
List the prime factors of 83272591.
83272591
What are the prime factors of 4979090547?
3, 359, 513679
List the prime factors of 37841377.
7, 772273
What are the prime factors of 141266684?
2, 13, 941, 2887
List the prime factors of 136906524.
2, 3, 422551
List the prime factors of 153267431.
37, 4142363
What are the prime factors of 696174405?
3, 5, 137, 277, 1223
What are the prime factors of 186292661?
617, 301933
List the prime factors of 157431781.
13, 17, 37, 1481
List the prime factors of 77263560.
2, 3, 5, 11, 109, 179
List the prime factors of 1966040494.
2, 11, 89365477
What are the prime factors of 124510256?
2, 13, 211, 2837
What are the prime factors of 1683569002?
2, 841784501
List the prime factors of 1552956768.
2, 3, 11, 490201
List the prime factors of 42361983.
3, 373, 12619
List the prime factors of 47036637.
3, 17, 29, 10601
What are the prime factors of 2663085949?
2663085949
List the prime factors of 5284292323.
61, 167, 518729
List the prime factors of 32749393.
83, 394571
List the prime factors of 48596596.
2, 199, 61051
List the prime factors of 118583648.
2, 3705739
List the prime factors of 23775491.
23, 383, 2699
What are the prime factors of 49868045?
5, 37, 109, 2473
What are the prime factors of 1222436565?
3, 5, 7, 29, 2731
What are the prime factors of 42866113?
173, 247781
What are the prime factors of 84548845?
5, 401, 42169
What are the prime factors of 48120841?
181, 265861
List the prime factors of 30227775.
3, 5, 403037
List the prime factors of 3097211912.
2, 17, 43, 529619
List the prime factors of 4059501072.
2, 3, 11, 7688449
What are the prime factors of 178539269?
313, 570413
List the prime factors of 551678386.
2,